 tens digit of 187449871?
7
What is the hundred thousands digit of 53552146?
5
What is the units digit of 145950772?
2
What is the thousands digit of 53972684?
2
What is the billions digit of 1137680000?
1
What is the units digit of 2907843593?
3
What is the units digit of 238477775?
5
What is the units digit of 291706673?
3
What is the thousands digit of 1795470572?
0
What is the tens digit of 175781834?
3
What is the millions digit of 13460667?
3
What is the millions digit of 4584287165?
4
What is the hundred millions digit of 120019131?
1
What is the units digit of 231593465?
5
What is the hundreds digit of 291872729?
7
What is the millions digit of 4484742334?
4
What is the tens digit of 267125377?
7
What is the hundred thousands digit of 91475162?
4
What is the ten millions digit of 102065940?
0
What is the millions digit of 436701511?
6
What is the units digit of 6154763985?
5
What is the units digit of 1575286159?
9
What is the tens digit of 51053455?
5
What is the thousands digit of 109416495?
6
What is the ten millions digit of 21412355?
2
What is the hundred thousands digit of 316384938?
3
What is the tens digit of 637979900?
0
What is the billions digit of 4560274764?
4
What is the millions digit of 333042134?
3
What is the ten thousands digit of 12182482?
8
What is the tens digit of 3003067433?
3
What is the tens digit of 234432563?
6
What is the ten thousands digit of 1959380272?
8
What is the units digit of 1223154984?
4
What is the tens digit of 2473261317?
1
What is the units digit of 280273706?
6
What is the ten millions digit of 38712106?
3
What is the tens digit of 349529807?
0
What is the ten thousands digit of 125678224?
7
What is the hundred thousands digit of 851316?
8
What is the ten millions digit of 1387880474?
8
What is the hundred thousands digit of 114930117?
9
What is the tens digit of 31972310?
1
What is the thousands digit of 2190453418?
3
What is the units digit of 94605234?
4
What is the thousands digit of 15953457?
3
What is the hundred thousands digit of 488456017?
4
What is the tens digit of 56679998?
9
What is the millions digit of 1047323271?
7
What is the thousands digit of 752146554?
6
What is the tens digit of 22702792?
9
What is the hundreds digit of 612409184?
1
What is the ten thousands digit of 97727650?
2
What is the hundred thousands digit of 7755013?
7
What is the hundreds digit of 8783751?
7
What is the hundreds digit of 1341159640?
6
What is the hundred thousands digit of 1619922?
6
What is the millions digit of 2377926455?
7
What is the hundred millions digit of 845052947?
8
What is the units digit of 17114806?
6
What is the hundred thousands digit of 106321678?
3
What is the millions digit of 16813458?
6
What is the hundred thousands digit of 770079938?
0
What is the units digit of 76166610?
0
What is the hundred thousands digit of 62113500?
1
What is the ten millions digit of 427259702?
2
What is the tens digit of 30966456?
5
What is the thousands digit of 153960296?
0
What is the hundred thousands digit of 60403204?
4
What is the units digit of 108985746?
6
What is the hundreds digit of 4234231715?
7
What is the millions digit of 2880122403?
0
What is the hundred thousands digit of 160815445?
8
What is the hundred millions digit of 266411806?
2
What is the hundred thousands digit of 402397349?
3
What is the hundred thousands digit of 438546670?
5
What is the hundreds digit of 240124092?
0
What is the ten thousands digit of 270285732?
8
What is the hundreds digit of 153694429?
4
What is the ten millions digit of 564096288?
6
What is the ten millions digit of 991529141?
9
What is the hundred millions digit of 863786200?
8
What is the ten millions digit of 67653234?
6
What is the billions digit of 3058900113?
3
What is the tens digit of 10848032?
3
What is the millions digit of 127182067?
7
What is the tens digit of 1707528?
2
What is the hundred thousands digit of 6423244?
4
What is the thousands digit of 66801858?
1
What is the thousands digit of 430260000?
0
What is the thousands digit of 1027263033?
3
What is the hundred thousands digit of 422885755?
8
What is the millions digit of 229427712?
9
What is the hundred millions digit of 216455668?
2
What is the hundred millions digit of 1868571453?
8
What is the millions digit of 59035355?
9
What is the ten thousands digit of 2774074616?
7
What is the ten thousands digit of 124789883?
8
What is the hundred thousands digit of 167724976?
7
What is the hundred thousands digit of 64824008?
8
What is the hundreds digit of 229039094?
0
What is the hundred millions digit of 1086681487?
0
What is the millions digit of 49277154?
9
What is the hundred thousands digit of 2609264108?
2
What is the hundred thousands digit of 783144696?
1
What is the billions digit of 4925528984?
4
What is the ten thousands digit of 492896205?
9
What is the hundred thousands digit of 114300003?
3
What is the units digit of 12317470?
0
What is the ten thousands digit of 146749751?
4
What is the ten thousands digit of 557243427?
4
What is the thousands digit of 1339236582?
6
What is the units digit of 780322949?
9
What is the hundred thousands digit of 1395535429?
5
What is the thousands digit of 107441360?
1
What is the hundreds digit of 1020340957?
9
What is the thousands digit of 12173756?
3
What is the ten millions digit of 85637211?
8
What is the units digit of 117442745?
5
What is the hundred thousands digit of 34579251?
5
What is the millions digit of 52706155?
2
What is the ten thousands digit of 451883331?
8
What is the millions digit of 1016479235?
6
What is the ten millions digit of 176456302?
7
What is the millions digit of 2829262758?
9
What is the tens digit of 31597274?
7
What is the hundreds digit of 1390517219?
2
What is the millions digit of 72710198?
2
What is the tens digit of 1608624882?
8
What is the ten thousands digit of 127676841?
7
What is the tens digit of 281611476?
7
What is the hundred millions digit of 1823203673?
8
What is the thousands digit of 70883862?
3
What is the thousands digit of 56469710?
9
What is the units digit of 151468503?
3
What is the ten thousands digit of 2765895750?
9
What is the millions digit of 50997451?
0
What is the thousands digit of 71925244?
5
What is the hundred millions digit of 526361192?
5
What is the ten thousands digit of 64801221?
0
What is the tens digit of 63967779?
7
What is the ten thousands digit of 798346127?
4
What is the hundred millions digit of 473800340?
4
What is the ten millions digit of 197118388?
9
What is the ten thousands digit of 53010307?
1
What is the thousands digit of 246416331?
6
What is the tens digit of 118710605?
0
What is the tens digit of 151386?
8
What is the ten millions digit of 179177435?
7
What is the hundred thousands digit of 133708891?
7
What is the hundreds digit of 635927645?
6
What is the thousands digit of 700041463?
1
What is the hundred millions digit of 8978587739?
9
What is the hundreds digit of 161394686?
6
What is the millions digit of 4075796544?
5
What is the ten millions digit of 863036254?
6
What is the hundreds digit of 12088471?
4
What is the units digit of 197609698?
8
What is the hundreds digit of 155231832?
8
What is the units digit of 23801316?
6
What is the billions digit of 4106858889?
4
What is the tens digit of 415620302?
0
What is the thousands digit of 262213337?
3
What is the tens digit of 2829603759?
5
What is the hundred thousands digit of 286470872?
4
What is the hundred millions digit of 616558466?
6
What is the hundred thousands digit of 474232889?
2
What is the thousands digit of 7914870073?
0
What is the thousands digit of 70785333?
5
What is the ten millions digit of 13993503?
1
What is the units digit of 5702877?
7
What is the billions digit of 2440726843?
2
What is the millions digit of 17324217?
7
What is the units digit of 44236899?
9
What is the hundred millions digit of 3247383613?
2
What is the hundred thousands digit of 241528367?
5
What is the tens digit of 1679253?
5
What is the millions digit of 2829991867?
9
What is the hundreds digit of 427845874?
8
What is the hundred thousands digit of 652865274?
8
What is the ten thousands digit of 882038299?
3
What is the millions digit of 1882941823?
2
What is the millions digit of 629